rime?
False
Suppose -3*d = 5*m - 7*d - 49789, -m + 9981 = 5*d. Is m prime?
False
Let d = 464 + 1289. Is d a prime number?
True
Suppose -132*g + 131*g = -8. Suppose 0 = -g*w + w + 35315. Is w composite?
True
Let l(q) be the second derivative of -9*q**3/2 + 3*q**2 + 3*q. Let t be l(-9). Is -1*(10/(-5) - t) prime?
True
Let j(y) = 137*y**3 + y**2 - 2*y - 4. Let s be j(-2). Let o = s - -1993. Is o prime?
False
Let m be (-2)/2*(-4)/20*-5. Is 2/(-4)*m*1522 composite?
False
Let d(r) = 5 - 6 + 11 + 99*r**2. Is d(7) a composite number?
False
Let b(x) = 191*x + 12. Let r(i) = i**2 + 10*i + 21. Let z be r(-8). Is b(z) a composite number?
False
Suppose -55 = j - 238. Suppose -5*k = 6*h - 3*h - 629, -5*k - j = -h. Is h a prime number?
False
Is (-6 - (5 - (0 + -320)))*-1 a prime number?
True
Let v = -40 + 38. Is (-5909)/(-6) + v/(-12) prime?
False
Suppose 0 = -2*j + 3*j. Suppose j = 3*y + 2*z + 1, 0*y + 10 = -2*y + z. Is y*(-1)/(6/298) prime?
True
Is 25180 + (8 - (-9 - -20)) composite?
True
Suppose 3*x - 4*x + 3 = 3*b, b + 5*x + 13 = 0. Suppose 0 = 4*r + 3*q + 12, q + 0*q + 6 = -b*r. Is 141 + r/((-6)/2) composite?
True
Suppose 0 = -4*y - 0*y + 44. Suppose y = i + 7. Suppose i*b = -3*b + 2387. Is b composite?
True
Suppose -2*j = 4*i - 66642, -j = 4*i - 10631 - 22682. Is j prime?
True
Let f be 0/(2 + 0/2). Let w(m) = -2*m + 791. Let y be w(f). Suppose 0 = 3*b - 2*b - y. Is b composite?
True
Let x(g) = -g**2 + 13*g + 3. Let f be x(13). Let u(h) = -2 + 11*h - 4*h**2 + h**3 + 5*h**2 - 14*h. Is u(f) a composite number?
True
Let q = 83 + -83. Suppose x + q*o - 4131 = 4*o, -3*o - 4132 = -x. Is x a prime number?
False
Let h(v) = -6328*v**3 + v - 2. Let x be h(1). Let a = -15716 - x. Is 2/5 - a/45 a prime number?
False
Is 46*(1415/90 + (-6)/27) a composite number?
True
Let v(q) = -q - 15. Let n be v(-17). Suppose 0 = -c + 4*b + 214, -3*b = -n*c - 2*b + 449. Suppose 5*a = 4*h + 47 + c, -a + h + 55 = 0. Is a prime?
True
Let r = -8711 - -28558. Is r composite?
True
Suppose 5*a - 5*i = 3345, -8 = -0*i - 2*i. Is a composite?
False
Is (479576/(-48) + 9)*-6 composite?
True
Let p(q) = -q + 2. Let u(j) = 2*j - 5. Let n(f) = 5*p(f) + 2*u(f). Let i be n(-2). Let x(y) = 15*y**2 + y. Is x(i) a prime number?
False
Let h(v) = v**3 + 17*v**2 + 16*v - 29. Is h(13) composite?
True
Let i = -4148 + 9135. Is i a prime number?
True
Let l = 31710 + -17799. Is l a prime number?
False
Suppose 3*n + 4*f = -2*n - 169, 4*n + f = -144. Let p = -25 - n. Suppose -3 = -4*u - v + 4*v, -p = -4*v. Is u a prime number?
True
Let f(k) = -32*k + 15. Let s(z) = 128*z - 60. Let g(v) = -9*f(v) - 2*s(v). Is g(26) prime?
False
Suppose 5*j + 0*y = y - 302, -182 = 3*j - y. Let m = -39 - j. Suppose 0 = 3*k + 4*n - 265, k + 3*n = -m + 116. Is k a prime number?
True
Suppose -6*z = -2*b - 2*z + 7878, -15780 = -4*b - 4*z. Is b composite?
False
Let d(j) = 3*j - 9. Let m be d(4). Let g be 3 + m*6/(-9). Is (-8 + g)*-21 - 2 a prime number?
False
Let q(p) = 3*p**3 - 16*p**2 + 8*p + 80. Is q(9) a prime number?
False
Suppose -t + 4394 = -g, -4*g + 4403 = t - 2*g. Suppose t = 9*b - 10336. Is b a prime number?
True
Let p = -931 - -2142. Is p a composite number?
True
Suppose -56*b - 1522175 = -81*b. Is b composite?
False
Let n = -2685 + 12782. Is n composite?
True
Let z(l) = 39*l**2 - 5*l + 5. Suppose 2*o + s = 10, o - 2*s - 4 = 1. Is z(o) prime?
False
Suppose 3*x + s = 15, -x - 3*x = -s - 27. Is 2/(-6) - (-9404)/x composite?
False
Let w(z) = 1010*z + 201. Is w(7) prime?
False
Let i(y) be the third derivative of 0 + 5/6*y**3 - 11/8*y**4 + 4*y**2 + 0*y. Is i(-6) a prime number?
False
Suppose 19007 + 2550 = k. Is k a composite number?
False
Let v(f) = -f**2 + 5*f - 1. Let y be v(5). Let d be (-22*(-3 + -23))/y. Let a = d + 1107. Is a composite?
True
Let c be 7170/(-12)*(1 + -3). Let h = -824 + c. Is h composite?
True
Is (-116720)/(-16) - 12/2 a prime number?
False
Let l = 5284 - 2807. Suppose 0*n - l = -n. Is n composite?
False
Let c = 1452 + 5278. Suppose -48*r + 50*r = c. Is r prime?
False
Suppose -20 = -3*b - b + 4*n, -2*n - 10 = -3*b. Suppose b = -6*q - 120 + 1866. Is q a prime number?
False
Let p(n) = 272*n - 475. Is p(9) prime?
True
Let u(v) = 17*v - 50. Let r be u(-5). Is 18/r + (-332)/(-15) prime?
False
Let n = 3 - 3. Let m = 5 - n. Suppose -2*q = m - 451. Is q composite?
False
Let c(j) = j**3 + 10*j**2 - 15*j + 1. Let k be 6 - (2 + (3 - 5)). Is c(k) a prime number?
True
Let u = -583 - -1802. Is u a prime number?
False
Is 11/(-2)*4487968/(-176) composite?
False
Let u = 14 - 12. Suppose -5*z = -k + u*k, -3*z = 3*k. Suppose z = -3*m - m + 316. Is m prime?
True
Let y(f) = 94*f**2 - 6*f - 29. Is y(-20) composite?
False
Let c = -60 + 50. Let m(r) = 8*r**2 - 13*r - 23. Is m(c) prime?
True
Let v(g) = g + 0*g - 11 + 12. Let q be v(8). Suppose -3*t + 78 = q. Is t composite?
False
Is 3 - (-125864)/36 - 26/117 composite?
False
Let d(f) = -68*f**3 - 5*f - 4. Is d(-3) prime?
True
Suppose 2*m + 17614 = 2*c, -5*c = 4*m - 35537 - 8498. Is c a composite number?
False
Let r = 7794 + -15026. Is ((-1)/(-4))/(-4*4/r) prime?
True
Let m(g) = -7*g**2 - 4*g + 13. Let y be m(8). Let l = 1081 + y. Is l prime?
False
Let q be ((-20)/6)/(10/15). Let z = 8 + q. Is 3 + (3 - 9/z) composite?
False
Let d = -341 + 192. Let x(c) = c - 7. Let a be x(15). Let t = a - d. Is t a prime number?
True
Let v be 16/(-24) + (-152)/(-12). Is 734*(9/v)/((-2)/(-4)) composite?
True
Let x(s) = 15 - 1 + 24*s - 1 + 21*s. Let l be x(6). Suppose 0*o - 4*h - 224 = -4*o, l = 5*o - 4*h. Is o prime?
True
Let n be (-42)/(-20)*-34 + (-16)/(-40). Let k = 194 - n. Is k a prime number?
False
Let y(r) = 2*r**3 + 8*r**2 + 4*r - 6. Suppose 0 = -4*o - 2 - 26. Let n be y(o). Let p = -189 - n. Is p a prime number?
True
Is (-2)/16*-2*124736/16 a composite number?
False
Let a(g) = g**2 + 1 - 4 - 6 - 2*g. Let y = -154 - -162. Is a(y) prime?
False
Let u(n) = 3 + 6*n**2 - 18*n - 3*n**2 - n**2 + 17*n. Let r be (1 + -2)/((-3)/(-12)). Is u(r) a composite number?
True
Suppose 34 = 2*f - 0*f + 4*v, -4*f + 4*v + 8 = 0. Suppose -4*j - 5*l = -7325, f*j + 5*l + 5520 = 10*j. Is j prime?
False
Let b(o) = -o**3 - o**2 + o - 2488. Let p be b(0). Let u be (-22)/(-55) + p/(-5). Suppose 51 = -c + u. Is c a composite number?
True
Suppose 14*b - 19054 = -0*b. Is b a composite number?
False
Suppose 2*o - 5 = -3*c - 0*c, 0 = 2*o - 8. Let f be c*(-1 - (-196 - -2)). Let r = f + 524. Is r a prime number?
True
Let m(p) = -4*p**3 + 3*p**2 - 17*p + 6. Let v(k) = 2*k**3 - k**2 + 9*k - 3. Let q(r) = -3*m(r) - 5*v(r). Is q(3) prime?
False
Suppose -18 = m - 4*m - 3*d, -4*d + 26 = 5*m. Suppose -m*u = 48 - 262. Suppose -2*v + 0*c + 178 = c, v + 5*c = u. Is v a prime number?
False
Let r = -63 - -66. Suppose -2*i + 60 = v, -5*i + 8*i = -r*v + 87. Is i a composite number?
False
Let i be ((-48)/(-15))/(4/1370). Suppose 0 = -2*q - 0*q + 3*d - 1437, 0 = -5*q - 3*d - 3582. Let p = q + i. Is p composite?
False
Let c be (-18)/(-27) + 46/3. Suppose 4*l - c = -0. Suppose -3541 = -4*f + 5*r, f - 1115 = -l*r - 214. Is f composite?
True
Let h(i) = 10*i**3 - 14*i**2 + 12*i + 2. Let o be h(5). Suppose -2*l + 1836 + o = 0. Is l prime?
True
Let q = -185 - -95. Is 20/q + (0 - (-54465)/27) prime?
True
Let q = 126 + -123. Is q/((-18)/(-66))*97 a prime number?
False
Suppose 4*q = -7*q + 16819. Is q a prime number?
False
Let d(o) = 17850*o**3 - 5*o + 6. Is d(1) a prime number?
True
Let l(i) = i. Let m be l(3). Let f(a) = 5 - a**m + 1 - a**2 + 7*a + 2. Is f(-7) prime?
False
Suppose -5*d + 10 = -0. Suppose 2*f - d = 6. Suppose 5*t - 4*w = 971, 3*w = 4*w + f. Is t prime?
True
Let x = 5388 - -4805. Is x a composite number?
False
Suppose -20 + 8 = 3*i. Let x(a) = 3*a**2 - 2*a - 5. Is x(i) prime?
False
Let p be -20 - (-7)/(35/20). Is 1471 - (12/p)/(6/(-16)) a composite number?
True
Let r(m) = 193*m**2 + 3*m + 2. Let l be r(-2). Let h = l + -310. Suppose -3*y = -4*y + 1, -4*c + 2*y = -h. Is c a composite number?
True
Let q(i) = 4*i**3 - 38*i**2 - 19*i - 76. Is q(27) a prime number?
True
Suppose -25 = 5*f, -3*r + 2*f = -2*f - 4613. Is r a prime number?
True
Suppose 4*h - h = 0. Suppose 2*i + h*d = -2*d + 36, -3*i + 3*d + 66 = 0. Suppose 4*j = i, -v - j + 0*j = -114. Is v a composite number?
False
Let d = 6 - -7. Let i = -28 + d. Is (-3)/(-2)*(-2230)/i co